{"id":841,"date":"2023-08-24T18:08:16","date_gmt":"2023-08-24T23:08:16","guid":{"rendered":"https:\/\/growthacademy.institute\/academia\/?page_id=841"},"modified":"2025-03-11T10:44:43","modified_gmt":"2025-03-11T15:44:43","slug":"login","status":"publish","type":"page","link":"https:\/\/growthacademy.institute\/academia\/","title":{"rendered":"Login"},"content":{"rendered":"\t\t<div data-elementor-type=\"wp-page\" data-elementor-id=\"841\" class=\"elementor elementor-841\" data-elementor-post-type=\"page\">\n\t\t\t\t<div class=\"elementor-element elementor-element-af408e6 e-flex e-con-boxed e-con e-parent\" data-id=\"af408e6\" data-element_type=\"container\" data-settings=\"{&quot;background_background&quot;:&quot;classic&quot;}\">\n\t\t\t\t\t<div class=\"e-con-inner\">\n\t\t<div class=\"elementor-element elementor-element-0a4f28f jedv-enabled--yes e-flex e-con-boxed e-con e-child\" data-id=\"0a4f28f\" data-element_type=\"container\" data-settings=\"{&quot;background_background&quot;:&quot;classic&quot;}\">\n\t\t\t\t\t<div class=\"e-con-inner\">\n\t\t\t\t<div class=\"elementor-element elementor-element-2c4f488 elementor-widget__width-initial elementor-widget elementor-widget-image\" data-id=\"2c4f488\" data-element_type=\"widget\" data-widget_type=\"image.default\">\n\t\t\t\t<div class=\"elementor-widget-container\">\n\t\t\t\t\t\t\t\t\t\t\t\t\t\t\t<img fetchpriority=\"high\" decoding=\"async\" width=\"898\" height=\"278\" src=\"https:\/\/growthacademy.institute\/academia\/wp-content\/uploads\/2025\/01\/WhatsApp_Image_2024-12-10_at_14.03.37-removebg-preview.webp\" class=\"attachment-full size-full wp-image-8958\" alt=\"\" srcset=\"https:\/\/growthacademy.institute\/academia\/wp-content\/uploads\/2025\/01\/WhatsApp_Image_2024-12-10_at_14.03.37-removebg-preview.webp 898w, https:\/\/growthacademy.institute\/academia\/wp-content\/uploads\/2025\/01\/WhatsApp_Image_2024-12-10_at_14.03.37-removebg-preview-300x93.webp 300w, https:\/\/growthacademy.institute\/academia\/wp-content\/uploads\/2025\/01\/WhatsApp_Image_2024-12-10_at_14.03.37-removebg-preview-768x238.webp 768w, https:\/\/growthacademy.institute\/academia\/wp-content\/uploads\/2025\/01\/WhatsApp_Image_2024-12-10_at_14.03.37-removebg-preview-600x186.webp 600w\" sizes=\"(max-width: 898px) 100vw, 898px\" \/>\t\t\t\t\t\t\t\t\t\t\t\t\t\t\t<\/div>\n\t\t\t\t<\/div>\n\t\t\t\t<div class=\"elementor-element elementor-element-61ca2fd elementor-widget elementor-widget-heading\" data-id=\"61ca2fd\" data-element_type=\"widget\" data-widget_type=\"heading.default\">\n\t\t\t\t<div class=\"elementor-widget-container\">\n\t\t\t\t\t<p class=\"elementor-heading-title elementor-size-default\">Acceder a la academia<\/p>\t\t\t\t<\/div>\n\t\t\t\t<\/div>\n\t\t\t\t<div class=\"elementor-element elementor-element-645ef06 elementor-button-align-stretch elementor-widget elementor-widget-login\" data-id=\"645ef06\" data-element_type=\"widget\" data-widget_type=\"login.default\">\n\t\t\t\t<div class=\"elementor-widget-container\">\n\t\t\t\t\t\t\t<form class=\"elementor-login elementor-form\" method=\"post\" action=\"https:\/\/growthacademy.institute\/academia\/wp-login.php\">\n\t\t\t<input type=\"hidden\" name=\"redirect_to\" value=\"https:\/\/growthacademy.institute\/academia\/aula-virtual\/\">\n\t\t\t<div class=\"elementor-form-fields-wrapper\">\n\t\t\t\t<div class=\"elementor-field-type-text elementor-field-group elementor-column elementor-col-100 elementor-field-required\">\n\t\t\t\t\t<label for=\"user-645ef06\" class=\"elementor-field-label elementor-screen-only\">Nombre de usuario o correo electr\u00f3nico<\/label>\n\t\t\t\t\t<input size=\"1\" type=\"text\" name=\"log\" id=\"user-645ef06\" placeholder=\"Nombre de usuario o correo electr\u00f3nico\" class=\"elementor-field elementor-field-textual elementor-size-sm\">\n\t\t\t\t<\/div>\n\t\t\t\t<div class=\"elementor-field-type-text elementor-field-group elementor-column elementor-col-100 elementor-field-required\">\n\t\t\t\t\t<label for=\"password-645ef06\" class=\"elementor-field-label elementor-screen-only\">Contrase\u00f1a<\/label>\n\t\t\t\t\t<input size=\"1\" type=\"password\" name=\"pwd\" id=\"password-645ef06\" placeholder=\"Contrase\u00f1a\" class=\"elementor-field elementor-field-textual elementor-size-sm\">\n\t\t\t\t<\/div>\n\n\t\t\t\t\t\t\t\t\t<div class=\"elementor-field-type-checkbox elementor-field-group elementor-column elementor-col-100 elementor-remember-me\">\n\t\t\t\t\t\t<label for=\"elementor-login-remember-me\">\n\t\t\t\t\t\t\t<input type=\"checkbox\" id=\"elementor-login-remember-me\" name=\"rememberme\" value=\"forever\">\n\t\t\t\t\t\t\tRecu\u00e9rdame\t\t\t\t\t\t<\/label>\n\t\t\t\t\t<\/div>\n\t\t\t\t\n\t\t\t\t<div class=\"elementor-field-group elementor-column elementor-field-type-submit elementor-col-100\">\n\t\t\t\t\t<button type=\"submit\" class=\"elementor-size-md elementor-button\" name=\"wp-submit\">\n\t\t\t\t\t\t\t\t\t\t\t\t\t\t\t<span class=\"elementor-button-text\">Acceder<\/span>\n\t\t\t\t\t\t\t\t\t\t\t\t<\/button>\n\t\t\t\t<\/div>\n\n\t\t\t\t\t\t\t\t\t<div class=\"elementor-field-group elementor-column elementor-col-100\">\n\t\t\t\t\t\t\t\t\t\t\t\t\t\t\t\t\t\t\t\t<a class=\"elementor-lost-password\" href=\"https:\/\/growthacademy.institute\/academia\/wp-login.php?action=lostpassword&redirect_to=https%3A%2F%2Fgrowthacademy.institute%2Facademia%2Faula-virtual%2F\">\n\t\t\t\t\t\t\t\t\u00bfOlvid\u00f3 su contrase\u00f1a?\t\t\t\t\t\t\t<\/a>\n\t\t\t\t\t\t\n\t\t\t\t\t\t\t\t\t\t\t<\/div>\n\t\t\t\t\t\t\t<\/div>\n\t\t<\/form>\n\t\t\t\t\t\t<\/div>\n\t\t\t\t<\/div>\n\t\t\t\t\t<\/div>\n\t\t\t\t<\/div>\n\t\t\t\t\t<\/div>\n\t\t\t\t<\/div>\n\t\t\t\t<\/div>\n\t\t","protected":false},"excerpt":{"rendered":"<p>Acceder a la academia ACCEDE AL AULA VIRTUAL Tu acceso est\u00e1 restringido Notamos que tu membres\u00eda ha expirado. Para mantenerte en el camino del \u00e9xito&hellip;<\/p>\n","protected":false},"author":1,"featured_media":0,"parent":0,"menu_order":0,"comment_status":"closed","ping_status":"closed","template":"elementor_header_footer","meta":{"footnotes":""},"class_list":["post-841","page","type-page","status-publish","hentry"],"_links":{"self":[{"href":"https:\/\/growthacademy.institute\/academia\/wp-json\/wp\/v2\/pages\/841","targetHints":{"allow":["GET"]}}],"collection":[{"href":"https:\/\/growthacademy.institute\/academia\/wp-json\/wp\/v2\/pages"}],"about":[{"href":"https:\/\/growthacademy.institute\/academia\/wp-json\/wp\/v2\/types\/page"}],"author":[{"embeddable":true,"href":"https:\/\/growthacademy.institute\/academia\/wp-json\/wp\/v2\/users\/1"}],"replies":[{"embeddable":true,"href":"https:\/\/growthacademy.institute\/academia\/wp-json\/wp\/v2\/comments?post=841"}],"version-history":[{"count":34,"href":"https:\/\/growthacademy.institute\/academia\/wp-json\/wp\/v2\/pages\/841\/revisions"}],"predecessor-version":[{"id":8999,"href":"https:\/\/growthacademy.institute\/academia\/wp-json\/wp\/v2\/pages\/841\/revisions\/8999"}],"wp:attachment":[{"href":"https:\/\/growthacademy.institute\/academia\/wp-json\/wp\/v2\/media?parent=841"}],"curies":[{"name":"wp","href":"https:\/\/api.w.org\/{rel}","templated":true}]}}